{"id":2586,"date":"2022-09-08T08:25:12","date_gmt":"2022-09-08T08:25:12","guid":{"rendered":"http:\/\/clapat-themes.com\/wordpress\/humpton\/?page_id=2586"},"modified":"2024-05-02T08:11:20","modified_gmt":"2024-05-02T08:11:20","slug":"landing-page","status":"publish","type":"page","link":"http:\/\/www.talktopeople.com.tr\/Anasayfa\/","title":{"rendered":"Ana Sayfa"},"content":{"rendered":"\n<div class=\"wp-block-humpton-gutenberg-container content-row light-section normal row_padding_top change-header-color fadeout-element\" data-bgcolor=\"#ffffff\" style=\"text-align:left\">\n<div class=\"wp-block-columns is-layout-flex wp-container-core-columns-is-layout-1 wp-block-columns-is-layout-flex\">\n<div class=\"wp-block-column is-layout-flow wp-block-column-is-layout-flow\">\n<h4 class=\"wp-block-heading has-mask-fill\">Sunum Tasar\u0131m Uzmanlar\u0131<\/h4>\n\n\n\n<p>Talktopeople, T\u00fcrkiye&#8217;nin \u00f6nde gelen sunum tasar\u0131m ajanslar\u0131ndan biridir.&nbsp;\u0130zleyicilerinize ilham verecek ve onlar\u0131 etkileyecek benzersiz, yarat\u0131c\u0131, g\u00fcncel trendlere uygun sunumlar ve A\u00e7\u0131klay\u0131c\u0131 videolar tasarlama konusunda uzman\u0131z.<\/p>\n<\/div>\n\n\n\n<div class=\"wp-block-column is-layout-flow wp-block-column-is-layout-flow\"><\/div>\n<\/div>\n<\/div>\n\n\n\n<div class=\"wp-block-humpton-gutenberg-container content-row light-section normal change-header-color fadeout-element\" data-bgcolor=\"#ffffff\" style=\"text-align:left\">\n<div class=\"marquee-text-wrapper \"><h1 class=\"marquee-text big-title fw\">Etkileyici,\u00f6zg\u00fcn,ilham veren sunumlar.<\/h1><\/div>\n<\/div>\n\n\n\n<div class=\"wp-block-humpton-gutenberg-container content-row light-section normal row_padding_bottom change-header-color\" data-bgcolor=\"#ffffff\" style=\"text-align:left\">\n<div class=\"wp-block-columns is-layout-flex wp-container-core-columns-is-layout-2 wp-block-columns-is-layout-flex\">\n<div class=\"wp-block-column is-layout-flow wp-block-column-is-layout-flow\">\n<h3 class=\"wp-block-heading has-mask-fill no-margins\">Yeterli<\/h3>\n\n\n\n<h3 class=\"wp-block-heading has-mask-fill\">Gelmedi mi?<\/h3>\n\n\n\n<div class=\"button-wrap large-btn right button-link \"><div class=\"icon-wrap parallax-wrap\"><div class=\"button-icon parallax-element\"><i class=\"fa-solid fa-arrow-right\"><\/i><\/div><\/div><a target=\"_self\" href=\"http:\/\/www.talktopeople.com.tr\/Anasayfa\/showcase\/\"><div class=\"button-text sticky right\"><span data-hover=\"\u0130\u015flerimize Bak\u0131n\">\u0130\u015flerimize Bak\u0131n<\/span><\/div><\/a><\/div>\n<\/div>\n\n\n\n<div class=\"wp-block-column is-layout-flow wp-block-column-is-layout-flow\"><\/div>\n<\/div>\n<\/div>\n\n\n\n<div class=\"wp-block-humpton-gutenberg-container content-row dark-section full text-align-center\" data-bgcolor=\"#171717\" style=\"text-align:none\">\n<div class=\"wp-block-humpton-gutenberg-slowed-text-pin-gallery slowed-pin\"><div class=\"slowed-text\"><h5>Etkili Sunumlar<\/h5><h1 class=\"big-title\">\u00d6zg\u00fcn,\nYarat\u0131c\u0131,\nH\u0131zl\u0131,\nKurumsal,\nTecr\u00fcbeli,\nG\u00fcncel,\nFarkl\u0131&#8230;<\/h1><hr\/><h5>Sunum tasar\u0131mlar\u0131 olu\u015fturma konusunda uzman tasar\u0131mc\u0131lar ile \u00e7al\u0131\u015f\u0131yoruz. Referanslar\u0131m\u0131z ve Uzun y\u0131llar sekt\u00f6rdeki Lider firmalara katt\u0131\u011f\u0131m\u0131z de\u011fer ile sizlere hizmet veriyoruz.\n\u0130\u015f sunumlar\u0131n\u0131z\u0131 geli\u015ftirelim ve etkili ara\u00e7lara d\u00f6n\u00fc\u015ft\u00fcrelim.<\/h5><\/div><div class=\"slowed-images\">\n<div class=\"slowed-image\"><img decoding=\"async\" src=\"http:\/\/www.talktopeople.com.tr\/Anasayfa\/wp-content\/uploads\/2022\/09\/studio04.jpg\" alt=\"talktopeople-creative-studio\" \/><\/div>\n\n\n\n<div class=\"slowed-image\"><img decoding=\"async\" src=\"http:\/\/www.talktopeople.com.tr\/Anasayfa\/wp-content\/uploads\/2022\/09\/studio03.jpg\" alt=\"talktopeople-creative-studio\" \/><\/div>\n\n\n\n<div class=\"slowed-image\"><img decoding=\"async\" src=\"http:\/\/www.talktopeople.com.tr\/Anasayfa\/wp-content\/uploads\/2022\/09\/studio02.jpg\" alt=\"talktopeople-creative-studio\" \/><\/div>\n\n\n\n<div class=\"slowed-image\"><img decoding=\"async\" src=\"http:\/\/www.talktopeople.com.tr\/Anasayfa\/wp-content\/uploads\/2022\/09\/studio01.jpg\" alt=\"talktopeople-creative-studio\" \/><\/div>\n\n\n\n<div class=\"slowed-image\"><img decoding=\"async\" src=\"http:\/\/www.talktopeople.com.tr\/Anasayfa\/wp-content\/uploads\/2022\/09\/studio04.jpg\" alt=\"talktopeople-creative-studio\" \/><\/div>\n\n\n\n<div class=\"slowed-image\"><img decoding=\"async\" src=\"http:\/\/www.talktopeople.com.tr\/Anasayfa\/wp-content\/uploads\/2022\/09\/studio03.jpg\" alt=\"talktopeople-creative-studio\" \/><\/div>\n\n\n\n<div class=\"slowed-image\"><img decoding=\"async\" src=\"http:\/\/www.talktopeople.com.tr\/Anasayfa\/wp-content\/uploads\/2022\/09\/studio02.jpg\" alt=\"talktopeople-creative-studio\" \/><\/div>\n\n\n\n<div class=\"slowed-image\"><img decoding=\"async\" src=\"http:\/\/www.talktopeople.com.tr\/Anasayfa\/wp-content\/uploads\/2022\/09\/studio01.jpg\" alt=\"talktopeople-creative-studio\" \/><\/div>\n<\/div><\/div>\n<\/div>\n\n\n\n<div class=\"wp-block-humpton-gutenberg-container content-row light-section normal row_padding_top change-header-color\" data-bgcolor=\"#ffffff\" style=\"text-align:left\">\n<div class=\"wp-block-columns is-layout-flex wp-container-core-columns-is-layout-3 wp-block-columns-is-layout-flex\">\n<div class=\"wp-block-column is-layout-flow wp-block-column-is-layout-flow\">\n<h1 class=\"wp-block-heading has-mask-fill no-margins\">Ke\u015fif Odakl\u0131<\/h1>\n\n\n\n<h1 class=\"wp-block-heading has-mask-fill\">Hikaye Tasar\u0131m\u0131<\/h1>\n\n\n\n<p class=\"has-animation\">Her \u015fey seninle ba\u015flar. Kendimizi hedeflerinize, zorluklar\u0131n\u0131za, hayallerinize kapt\u0131rarak ger\u00e7ekten \u00f6nemli olan\u0131n derinine inerek \u00f6z\u00fcnden ba\u015fl\u0131yoruz. Ancak o zaman sizi gitmeniz gereken yere g\u00f6t\u00fcrecek g\u00f6rsel bir hikaye olu\u015fturabiliriz.<\/p>\n<\/div>\n\n\n\n<div class=\"wp-block-column is-layout-flow wp-block-column-is-layout-flow\"><\/div>\n<\/div>\n<\/div>\n\n\n\n<div class=\"wp-block-humpton-gutenberg-container content-row light-section normal row_padding_bottom change-header-color\" data-bgcolor=\"#ffffff\" style=\"text-align:left\">\n<h3 class=\"wp-block-heading has-mask-fill no-margins\">B\u00fct\u00fcn<\/h3>\n\n\n\n<h3 class=\"wp-block-heading has-mask-fill\">Hikayeleri Oku<\/h3>\n\n\n\n<p><\/p>\n\n\n\n<div class=\"button-wrap large-btn right button-link \"><div class=\"icon-wrap parallax-wrap\"><div class=\"button-icon parallax-element\"><i class=\"fa-solid fa-arrow-right\"><\/i><\/div><\/div><a target=\"_self\" href=\"http:\/\/www.talktopeople.com.tr\/Anasayfa\/stories\/\"><div class=\"button-text sticky right\"><span data-hover=\"Blog&#039;a Git\">Blog'a Git<\/span><\/div><\/a><\/div>\n<\/div>\n","protected":false},"excerpt":{"rendered":"","protected":false},"author":1,"featured_media":0,"parent":0,"menu_order":0,"comment_status":"closed","ping_status":"closed","template":"","meta":{"footnotes":""},"yoast_head":"<!-- This site is optimized with the Yoast SEO plugin v24.5 - https:\/\/yoast.com\/wordpress\/plugins\/seo\/ -->\n<title>Ana Sayfa - talktopeople<\/title>\n<meta name=\"description\" content=\"T\u00fcrkiye&#039;nin lider firmalar\u0131na profesyonel sunum tasar\u0131m hizmeti vermekteyiz. Referanslar\u0131m\u0131za mutlaka g\u00f6zat\u0131n.\" \/>\n<meta name=\"robots\" content=\"index, follow, max-snippet:-1, max-image-preview:large, max-video-preview:-1\" \/>\n<link rel=\"canonical\" href=\"http:\/\/www.talktopeople.com.tr\/Anasayfa\/\" \/>\n<meta property=\"og:locale\" content=\"tr_TR\" \/>\n<meta property=\"og:type\" content=\"article\" \/>\n<meta property=\"og:title\" content=\"Ana Sayfa - talktopeople\" \/>\n<meta property=\"og:description\" content=\"T\u00fcrkiye&#039;nin lider firmalar\u0131na profesyonel sunum tasar\u0131m hizmeti vermekteyiz. Referanslar\u0131m\u0131za mutlaka g\u00f6zat\u0131n.\" \/>\n<meta property=\"og:url\" content=\"http:\/\/www.talktopeople.com.tr\/Anasayfa\/\" \/>\n<meta property=\"og:site_name\" content=\"talktopeople\" \/>\n<meta property=\"article:modified_time\" content=\"2024-05-02T08:11:20+00:00\" \/>\n<meta name=\"twitter:card\" content=\"summary_large_image\" \/>\n<meta name=\"twitter:label1\" content=\"Tahmini okuma s\u00fcresi\" \/>\n\t<meta name=\"twitter:data1\" content=\"1 dakika\" \/>\n<script type=\"application\/ld+json\" class=\"yoast-schema-graph\">{\"@context\":\"https:\/\/schema.org\",\"@graph\":[{\"@type\":\"WebPage\",\"@id\":\"http:\/\/www.talktopeople.com.tr\/Anasayfa\/\",\"url\":\"http:\/\/www.talktopeople.com.tr\/Anasayfa\/\",\"name\":\"Ana Sayfa - talktopeople\",\"isPartOf\":{\"@id\":\"http:\/\/www.talktopeople.com.tr\/Anasayfa\/#website\"},\"datePublished\":\"2022-09-08T08:25:12+00:00\",\"dateModified\":\"2024-05-02T08:11:20+00:00\",\"description\":\"T\u00fcrkiye'nin lider firmalar\u0131na profesyonel sunum tasar\u0131m hizmeti vermekteyiz. Referanslar\u0131m\u0131za mutlaka g\u00f6zat\u0131n.\",\"breadcrumb\":{\"@id\":\"http:\/\/www.talktopeople.com.tr\/Anasayfa\/#breadcrumb\"},\"inLanguage\":\"tr\",\"potentialAction\":[{\"@type\":\"ReadAction\",\"target\":[\"http:\/\/www.talktopeople.com.tr\/Anasayfa\/\"]}]},{\"@type\":\"BreadcrumbList\",\"@id\":\"http:\/\/www.talktopeople.com.tr\/Anasayfa\/#breadcrumb\",\"itemListElement\":[{\"@type\":\"ListItem\",\"position\":1,\"name\":\"Anasayfa\",\"item\":\"http:\/\/www.talktopeople.com.tr\/Anasayfa\/\"},{\"@type\":\"ListItem\",\"position\":2,\"name\":\"Ana Sayfa\"}]},{\"@type\":\"WebSite\",\"@id\":\"http:\/\/www.talktopeople.com.tr\/Anasayfa\/#website\",\"url\":\"http:\/\/www.talktopeople.com.tr\/Anasayfa\/\",\"name\":\"talktopeople\",\"description\":\"Creative Studio - Reklam Ajans\u0131\",\"potentialAction\":[{\"@type\":\"SearchAction\",\"target\":{\"@type\":\"EntryPoint\",\"urlTemplate\":\"http:\/\/www.talktopeople.com.tr\/Anasayfa\/?s={search_term_string}\"},\"query-input\":{\"@type\":\"PropertyValueSpecification\",\"valueRequired\":true,\"valueName\":\"search_term_string\"}}],\"inLanguage\":\"tr\"}]}<\/script>\n<!-- \/ Yoast SEO plugin. -->","yoast_head_json":{"title":"Ana Sayfa - talktopeople","description":"T\u00fcrkiye'nin lider firmalar\u0131na profesyonel sunum tasar\u0131m hizmeti vermekteyiz. Referanslar\u0131m\u0131za mutlaka g\u00f6zat\u0131n.","robots":{"index":"index","follow":"follow","max-snippet":"max-snippet:-1","max-image-preview":"max-image-preview:large","max-video-preview":"max-video-preview:-1"},"canonical":"http:\/\/www.talktopeople.com.tr\/Anasayfa\/","og_locale":"tr_TR","og_type":"article","og_title":"Ana Sayfa - talktopeople","og_description":"T\u00fcrkiye'nin lider firmalar\u0131na profesyonel sunum tasar\u0131m hizmeti vermekteyiz. Referanslar\u0131m\u0131za mutlaka g\u00f6zat\u0131n.","og_url":"http:\/\/www.talktopeople.com.tr\/Anasayfa\/","og_site_name":"talktopeople","article_modified_time":"2024-05-02T08:11:20+00:00","twitter_card":"summary_large_image","twitter_misc":{"Tahmini okuma s\u00fcresi":"1 dakika"},"schema":{"@context":"https:\/\/schema.org","@graph":[{"@type":"WebPage","@id":"http:\/\/www.talktopeople.com.tr\/Anasayfa\/","url":"http:\/\/www.talktopeople.com.tr\/Anasayfa\/","name":"Ana Sayfa - talktopeople","isPartOf":{"@id":"http:\/\/www.talktopeople.com.tr\/Anasayfa\/#website"},"datePublished":"2022-09-08T08:25:12+00:00","dateModified":"2024-05-02T08:11:20+00:00","description":"T\u00fcrkiye'nin lider firmalar\u0131na profesyonel sunum tasar\u0131m hizmeti vermekteyiz. Referanslar\u0131m\u0131za mutlaka g\u00f6zat\u0131n.","breadcrumb":{"@id":"http:\/\/www.talktopeople.com.tr\/Anasayfa\/#breadcrumb"},"inLanguage":"tr","potentialAction":[{"@type":"ReadAction","target":["http:\/\/www.talktopeople.com.tr\/Anasayfa\/"]}]},{"@type":"BreadcrumbList","@id":"http:\/\/www.talktopeople.com.tr\/Anasayfa\/#breadcrumb","itemListElement":[{"@type":"ListItem","position":1,"name":"Anasayfa","item":"http:\/\/www.talktopeople.com.tr\/Anasayfa\/"},{"@type":"ListItem","position":2,"name":"Ana Sayfa"}]},{"@type":"WebSite","@id":"http:\/\/www.talktopeople.com.tr\/Anasayfa\/#website","url":"http:\/\/www.talktopeople.com.tr\/Anasayfa\/","name":"talktopeople","description":"Creative Studio - Reklam Ajans\u0131","potentialAction":[{"@type":"SearchAction","target":{"@type":"EntryPoint","urlTemplate":"http:\/\/www.talktopeople.com.tr\/Anasayfa\/?s={search_term_string}"},"query-input":{"@type":"PropertyValueSpecification","valueRequired":true,"valueName":"search_term_string"}}],"inLanguage":"tr"}]}},"_links":{"self":[{"href":"http:\/\/www.talktopeople.com.tr\/Anasayfa\/wp-json\/wp\/v2\/pages\/2586"}],"collection":[{"href":"http:\/\/www.talktopeople.com.tr\/Anasayfa\/wp-json\/wp\/v2\/pages"}],"about":[{"href":"http:\/\/www.talktopeople.com.tr\/Anasayfa\/wp-json\/wp\/v2\/types\/page"}],"author":[{"embeddable":true,"href":"http:\/\/www.talktopeople.com.tr\/Anasayfa\/wp-json\/wp\/v2\/users\/1"}],"replies":[{"embeddable":true,"href":"http:\/\/www.talktopeople.com.tr\/Anasayfa\/wp-json\/wp\/v2\/comments?post=2586"}],"version-history":[{"count":43,"href":"http:\/\/www.talktopeople.com.tr\/Anasayfa\/wp-json\/wp\/v2\/pages\/2586\/revisions"}],"predecessor-version":[{"id":3285,"href":"http:\/\/www.talktopeople.com.tr\/Anasayfa\/wp-json\/wp\/v2\/pages\/2586\/revisions\/3285"}],"wp:attachment":[{"href":"http:\/\/www.talktopeople.com.tr\/Anasayfa\/wp-json\/wp\/v2\/media?parent=2586"}],"curies":[{"name":"wp","href":"https:\/\/api.w.org\/{rel}","templated":true}]}}